 3, 7
List the prime factors of 3092.
2, 773
What are the prime factors of 6229?
6229
What are the prime factors of 765?
3, 5, 17
What are the prime factors of 202342?
2, 7, 97, 149
List the prime factors of 2308.
2, 577
List the prime factors of 1615.
5, 17, 19
List the prime factors of 129230.
2, 5, 12923
What are the prime factors of 65?
5, 13
What are the prime factors of 1554?
2, 3, 7, 37
What are the prime factors of 33440?
2, 5, 11, 19
What are the prime factors of 3250?
2, 5, 13
List the prime factors of 982.
2, 491
List the prime factors of 3116.
2, 19, 41
What are the prime factors of 78343?
157, 499
List the prime factors of 14736.
2, 3, 307
List the prime factors of 1231.
1231
List the prime factors of 38265.
3, 5, 2551
What are the prime factors of 44591?
17, 43, 61
What are the prime factors of 8748?
2, 3
List the prime factors of 13740.
2, 3, 5, 229
List the prime factors of 6795.
3, 5, 151
What are the prime factors of 909?
3, 101
List the prime factors of 1006.
2, 503
List the prime factors of 1753.
1753
What are the prime factors of 5089?
7, 727
What are the prime factors of 1878?
2, 3, 313
List the prime factors of 45000.
2, 3, 5
List the prime factors of 23981.
23981
List the prime factors of 1523.
1523
List the prime factors of 66271.
66271
List the prime factors of 10590.
2, 3, 5, 353
List the prime factors of 10622.
2, 47, 113
What are the prime factors of 2570?
2, 5, 257
What are the prime factors of 7802?
2, 47, 83
List the prime factors of 7445.
5, 1489
List the prime factors of 773.
773
List the prime factors of 5259.
3, 1753
List the prime factors of 9844.
2, 23, 107
List the prime factors of 20581.
11, 1871
What are the prime factors of 36416?
2, 569
What are the prime factors of 23921?
19, 1259
List the prime factors of 2645.
5, 23
List the prime factors of 13387.
11, 1217
List the prime factors of 13243.
17, 19, 41
What are the prime factors of 1671?
3, 557
What are the prime factors of 113?
113
List the prime factors of 20159.
19, 1061
What are the prime factors of 50709?
3, 16903
What are the prime factors of 1251?
3, 139
What are the prime factors of 8961?
3, 29, 103
List the prime factors of 988.
2, 13, 19
List the prime factors of 2067.
3, 13, 53
List the prime factors of 1833.
3, 13, 47
List the prime factors of 3244.
2, 811
What are the prime factors of 13137?
3, 29, 151
List the prime factors of 272.
2, 17
List the prime factors of 36942.
2, 3, 47, 131
List the prime factors of 54461.
11, 4951
List the prime factors of 1333.
31, 43
What are the prime factors of 743?
743
What are the prime factors of 4771?
13, 367
List the prime factors of 17504.
2, 547
List the prime factors of 3555.
3, 5, 79
What are the prime factors of 1304?
2, 163
What are the prime factors of 1310?
2, 5, 131
What are the prime factors of 514?
2, 257
What are the prime factors of 15547?
7, 2221
List the prime factors of 1099.
7, 157
List the prime factors of 2658.
2, 3, 443
List the prime factors of 204.
2, 3, 17
List the prime factors of 2371.
2371
List the prime factors of 1033.
1033
What are the prime factors of 80191?
80191
List the prime factors of 160144.
2, 10009
What are the prime factors of 13689?
3, 13
List the prime factors of 6.
2, 3
What are the prime factors of 2759?
31, 89
What are the prime factors of 10552?
2, 1319
List the prime factors of 10024.
2, 7, 179
List the prime factors of 5098.
2, 2549
What are the prime factors of 541?
541
List the prime factors of 8297.
8297
List the prime factors of 3376.
2, 211
List the prime factors of 187.
11, 17
List the prime factors of 254.
2, 127
What are the prime factors of 10131?
3, 11, 307
What are the prime factors of 1100?
2, 5, 11
What are the prime factors of 1259?
1259
List the prime factors of 5423.
11, 17, 29
What are the prime factors of 958?
2, 479
List the prime factors of 17644.
2, 11, 401
List the prime factors of 1321.
1321
What are the prime factors of 2464?
2, 7, 11
What are the prime factors of 65627?
29, 31, 73
What are the prime factors of 30101?
31, 971
What are the prime factors of 1416?
2, 3, 59
What are the prime factors of 4393?
23, 191
List the prime factors of 73023.
3, 101, 241
List the prime factors of 67311.
3, 277
What are the prime factors of 35217?
3, 7, 13, 43
List the prime factors of 6761.
6761
List the prime factors of 31579.
23, 1373
What are the prime factors of 1529?
11, 139
What are the prime factors of 40084?
2, 11, 911
What are the prime factors of 29959?
29959
List the prime factors of 1468.
2, 367
What are the prime factors of 670?
2, 5, 67
What are the prime factors of 1216?
2, 19
List the prime factors of 8917.
37, 241
What are the prime factors of 4542?
2, 3, 757
What are the prime factors of 8996?
2, 13, 173
What are the prime factors of 984?
2, 3, 41
What are the prime factors of 26170?
2, 5, 2617
List the prime factors of 96517.
96517
What are the prime factors of 17347?
11, 19, 83
List the prime factors of 6366.
2, 3, 1061
What are the prime factors of 19375?
5, 31
What are the prime factors of 35513?
17, 2089
What are the prime factors of 7398?
2, 3, 137
List the prime factors of 26088.
2, 3, 1087
List the prime factors of 53194.
2, 26597
What are the prime factors of 982?
2, 491
What are the prime factors of 3224?
2, 13, 31
List the prime factors of 24895.
5, 13, 383
List the prime factors of 49056.
2, 3, 7, 73
List the prime factors of 4937.
4937
What are the prime factors of 5238?
2, 3, 97
List the prime factors of 1386.
2, 3, 7, 11
List the prime factors of 33953.
19, 1787
What are the prime factors of 15358?
2, 7, 1097
List the prime factors of 5342.
2, 2671
List the prime factors of 3316.
2, 829
What are the prime factors of 3048?
2, 3, 127
List the prime factors of 5200.
2, 5, 13
What are the prime factors of 5739?
3, 1913
What are the prime factors of 10007?
10007
What are the prime factors of 147892?
2, 36973
List the prime factors of 3896.
2, 487
What are the prime factors of 486?
2, 3
List the prime factors of 11426.
2, 29, 197
List the prime factors of 27186.
2, 3, 23, 197
List the prime factors of 2885.
5, 577
What are the prime factors of 1371?
3, 457
What are the prime factors of 68793?
3, 23, 997
List the prime factors of 33859.
7, 691
What are the prime factors of 9164?
2, 29, 79
What are the prime factors of 42363?
3, 523
What are the prime factors of 3090?
2, 3, 5, 103
List the prime factors of 1056.
2, 3, 11
List the prime factors of 2801.
2801
What are the prime factors of 844?
2, 211
List the prime factors of 122252.
2, 13, 2351
What are the prime factors of 5376?
2, 3, 7
What are the prime factors of 1074?
2, 3, 179
List the prime factors of 48259.
48259
List the prime factors of 5354.
2, 2677
List the prime factors of 450.
2, 3, 5
What are the prime factors of 1641?
3, 547
What are the prime factors of 23746?
2, 31, 383
List the prime factors of 2042.
2, 1021
What are the prime factors of 1474?
2, 11, 67
List the prime factors of 3162.
2, 3, 17, 31
What are the prime factors of 6645?
3, 5, 443
List the prime factors of 9499.
7, 23, 59
What are the prime factors of 5723?
59, 97
What are the prime factors of 419?
419
What are the prime factors of 21447?
3, 2383
What are the prime factors of 12673?
19, 23, 29
List the prime factors of 3635.
5, 727
List the prime factors of 9986.
2, 4993
What are the prime factors of 830?
2, 5, 83
What are the prime factors of 104884?
2, 13, 2017
List the prime factors of 2989.
7, 61
List the prime factors of 1742.
2, 13, 67
What are the prime factors of 6787?
11, 617
List the prime factors of 6806.
2, 41, 83
What are the prime factors of 226?
2, 113
What are the prime factors of 4525?
5, 181
What are the prime factors of 1775?
5, 71
What are the prime factors of 2226?
2, 3, 7, 53
What are the prime factors of 55153?
7, 7879
List the prime factors of 478.
2, 239
List the prime factors of 4579.
19, 241
List the prime factors of 782.
2, 17, 23
List the prime factors of 951.
3, 317
List the prime factors of 1254.
2, 3, 11, 19
List the prime factors of 1839.
3, 613
List the prime factors of 792.
2, 3, 11
List the prime factors of 12121.
17, 23, 31
What are the prime factors of 1328?
2, 83
List the prime factors of 4420.
2, 5, 13, 17
List the prime factors of 5699.
41, 139
